606382 and 44.
22
What is the highest common factor of 414462 and 10491456?
6186
Calculate the greatest common factor of 39171 and 2738409.
3561
Calculate the greatest common factor of 4068 and 13257047.
113
Calculate the highest common factor of 14010304 and 448.
448
What is the highest common factor of 264 and 11503184?
88
Calculate the greatest common divisor of 341 and 2512829.
341
Calculate the greatest common divisor of 200 and 16253512.
8
What is the highest common factor of 62875 and 35625?
125
Calculate the highest common divisor of 4218 and 382869.
57
What is the highest common divisor of 68707856 and 532?
28
Calculate the greatest common divisor of 85 and 301935.
5
Calculate the highest common divisor of 24382701 and 567.
567
Calculate the greatest common divisor of 77517 and 1425600.
891
Calculate the greatest common factor of 42191 and 2821.
31
Calculate the highest common factor of 6231820 and 34300.
980
What is the highest common divisor of 34725 and 646050?
75
Calculate the highest common factor of 100 and 597620.
20
What is the greatest common factor of 2520 and 4952115?
315
What is the highest common divisor of 714 and 865946697?
357
What is the greatest common divisor of 169 and 3133551863?
169
Calculate the highest common factor of 302911 and 60277.
763
What is the greatest common divisor of 5700 and 2085450?
150
What is the greatest common divisor of 18362249 and 74?
37
Calculate the greatest common factor of 57759 and 2925.
39
What is the greatest common divisor of 135 and 48884850?
135
What is the greatest common factor of 9272940 and 25530?
1110
What is the greatest common divisor of 9044 and 17475269?
2261
What is the highest common factor of 1553906 and 4942?
706
What is the highest common factor of 159 and 43781604?
159
What is the highest common factor of 227169 and 84150?
9
What is the highest common divisor of 495 and 15248046?
33
Calculate the highest common divisor of 24704 and 1436.
4
What is the greatest common factor of 27624964 and 119860?
1844
Calculate the highest common divisor of 671892 and 39825.
177
Calculate the greatest common factor of 1346332 and 208.
52
What is the greatest common factor of 1495 and 2161055?
65
Calculate the highest common divisor of 19595706 and 30.
6
Calculate the highest common factor of 177 and 875678.
59
What is the highest common divisor of 626535240 and 906?
906
What is the greatest common divisor of 401213 and 60992?
953
Calculate the highest common divisor of 3219 and 4934785.
29
Calculate the highest common divisor of 27697470 and 45.
15
What is the greatest common divisor of 15300900 and 68850?
4050
What is the highest common factor of 218875 and 852125?
2125
Calculate the highest common divisor of 159 and 1515634110.
159
What is the highest common factor of 13 and 39284479?
13
What is the highest common divisor of 182 and 204182?
2
What is the greatest common divisor of 11459646 and 372?
186
What is the greatest common divisor of 4991 and 594673?
31
What is the highest common factor of 610 and 5931518?
122
What is the highest common divisor of 2862363 and 84?
21
What is the highest common factor of 235013 and 157?
1
What is the greatest common factor of 896 and 55566976?
128
Calculate the highest common factor of 6801119 and 8957.
689
What is the highest common divisor of 862584 and 130556?
508
What is the highest common factor of 66101220 and 12?
12
What is the greatest common divisor of 853644 and 418?
22
Calculate the highest common divisor of 128462376 and 48.
24
Calculate the greatest common divisor of 1599 and 1706289.
39
What is the highest common factor of 11 and 8599987?
11
What is the highest common divisor of 3435657 and 33153?
129
What is the highest common divisor of 6 and 6537111?
3
What is the highest common divisor of 102268 and 62900?
148
Calculate the greatest common factor of 131586048 and 3168.
3168
Calculate the highest common factor of 38261328 and 131376.
7728
Calculate the greatest common divisor of 546 and 31992534.
42
Calculate the greatest common factor of 2805 and 20451.
51
What is the greatest common divisor of 1185 and 34156835?
395
What is the greatest common divisor of 10868 and 1020624?
44
What is the greatest common factor of 2646 and 271026?
378
What is the highest common divisor of 32950 and 424730?
10
Calculate the highest common divisor of 23702455 and 14.
7
What is the highest common factor of 170 and 3519102?
34
What is the greatest common factor of 7152 and 325296?
48
What is the greatest common divisor of 872 and 608547?
109
What is the highest common factor of 483 and 131865049?
23
Calculate the greatest common divisor of 181566 and 511434.
1386
What is the highest common factor of 656997 and 89397?
1419
Calculate the highest common factor of 52 and 1857050.
26
What is the highest common divisor of 4024 and 10456?
8
What is the greatest common factor of 169280 and 195280?
80
What is the highest common factor of 1736 and 4787144?
248
Calculate the greatest common divisor of 810432 and 11772.
108
Calculate the highest common factor of 23916447 and 431469.
1719
Calculate the greatest common divisor of 73085 and 28059.
47
What is the greatest common divisor of 122280 and 79175?
5
What is the highest common divisor of 10 and 375885610?
10
Calculate the highest common factor of 3740 and 49517820.
220
What is the greatest common factor of 56 and 76503?
7
Calculate the greatest common factor of 17789045 and 37.
37
Calculate the greatest common divisor of 3053402 and 681406.
1034
What is the greatest common factor of 362701 and 83877?
383
Calculate the greatest common divisor of 38376 and 55648152.
2952
What is the highest common factor of 2070 and 766130?
230
What is the greatest common factor of 279573 and 3297?
21
Calculate the greatest common divisor of 152134 and 10736.
122
Calculate the highest common factor of 31807350 and 1350.
1350
Calculate the highest common factor of 468 and 25752519.
117
What is the highest common factor of 728 and 426061636?
364
What is the greatest common factor of 74496 and 78816?
96
What is the greatest common divisor of 72 and 2147448?
24
What is the highest common factor of 1265 and 320760?
55
Calculate the highest common divisor of 8560 and 8552510.
1070
What is the greatest common factor of 4722032 and 1216?
304
What is the greatest common divisor of 275794 and 297256?
146
Calculate the greatest common divisor of 1044 and 1131812.
116
What is the highest common factor of 3389464 and 65400?
872
What is the greatest common factor of 19 and 9239548?
19
Calculate the greatest common factor of 456 and 58501.
19
Calculate the highest common divisor of 701053004 and 68.
68
Calculate the greatest common factor of 1064384 and 2048.
64
Calculate the greatest common divisor of 5928 and 18155982.
1482
What is the highest common divisor of 505 and 16572989?
101
Calculate the highest common divisor of 1230720 and 75.
15
Calculate the greatest common factor of 6280 and 8820760.
40
Calculate the greatest common divisor of 116610 and 487227.
507
What is the highest common factor of 1935193 and 1963?
13
What is the greatest common divisor of 2247 and 581112?
21
What is the greatest common divisor of 3243396 and 35412?
156
Calculate the highest common factor of 213761 and 192503.
1181
Calculate the highest common divisor of 353675 and 2240.
35
What is the greatest common factor of 96 and 339864?
24
Calculate the highest common factor of 4048 and 212880272.
4048
What is the greatest common divisor of 1371880 and 280?
40
Calculate the highest common factor of 1111626 and 234.
18
Calculate the highest common divisor of 32604 and 3986048.
836
Calculate the greatest common factor of 1490 and 8114.
2
Calculate the highest common divisor of 96600 and 22730.
10
What is the highest common divisor of 41709377 and 10629?
1181
Calculate the highest common divisor of 3857 and 9411878.
133
Calculate the highest common divisor of 1524 and 196585332.
1524
Calculate the greatest common divisor of 1648758 and 2526.
6
What is the highest common factor of 17882316 and 108?
108
Calculate the greatest common divisor of 161896 and 191337.
59
Calculate the highest common divisor of 19729 and 71857.
181
What is the greatest common divis